 divisor of 168 and t?
24
Suppose 4*o + 3 + 7 = -2*r, 5*r + 2*o + 65 = 0. Let d be (-827)/(-5) - (-6)/r. Calculate the greatest common divisor of 15 and d.
15
Let v = 21 - 11. Suppose -3*z - 3*r = -27, 2*r = 5*r + 3. Calculate the highest common factor of z and v.
10
Let r(j) = 2*j**3 - 3*j**2 - j - 2. Suppose -4*g - 18 = -2*x, 0 = -x + 4*g - g + 12. Let u be r(x). Calculate the greatest common divisor of u and 77.
11
Suppose 4*x - 58 = 58. Let o = x - 24. Calculate the greatest common divisor of o and 40.
5
Suppose 4*s = 2*s + 220. Let n(o) = o. Let z(x) = -5*x + 2. Let j(y) = 3*n(y) + z(y). Let c be j(-4). What is the greatest common divisor of c and s?
10
Let h be -7 - 693/(3 + -10). What is the greatest common factor of 736 and h?
92
Let f = 340 + -338. Calculate the highest common factor of 62 and f.
2
Let m = 18 - 15. Suppose -m*a + n = 2*a + 62, 4*a + 4*n = -40. Let g be (104/14)/(a/(-42)). What is the greatest common divisor of g and 130?
26
Let m(g) = -g**2 + 3*g - 1. Let n be m(2). Let s = -4252 - -4255. What is the greatest common factor of n and s?
1
Let g = -694 + 1253. Calculate the greatest common factor of 13 and g.
13
Let x = 11 - -10. Let v be (-1845)/(-21) + 3/x. Let n be v*(-3 + 14/4). Calculate the highest common divisor of n and 11.
11
Suppose -115 = -c + 310. Let v = c + -281. Let f be (-14)/35*(-46 - -1). Calculate the greatest common divisor of f and v.
18
Let b(a) = a**3 + 18*a**2 + 129 - 127 - 4*a**2. Let p be b(-14). Suppose -2*z = 0, 2*h - 4*h + 4 = -5*z. Calculate the highest common factor of h and p.
2
Let q be 4/(-6) - (-726)/9. Let s be 8*(-1)/((-3)/30). Let y = s + -48. What is the highest common divisor of q and y?
16
Let t = -215 + 257. Calculate the greatest common factor of 273 and t.
21
Let x be (6/7 - 0)*42. Suppose 33*m + 648 = 51*m. Calculate the greatest common divisor of m and x.
36
Let z(l) = 69*l**2 + 1. Let p be z(-1). Suppose -1563 = -146*o + 481. What is the greatest common factor of p and o?
14
Suppose -366 = 2*j + 4*j. Let w be ((-16)/12)/(2 - j/(-30)). Calculate the highest common divisor of 10 and w.
10
Suppose -24*j - 2*j = -6630. What is the greatest common divisor of 30 and j?
15
Suppose 30*h - 2115 = -855. Calculate the greatest common divisor of 66 and h.
6
Suppose -4*i = v - 27, -v + 18 = 2*i + v. Suppose -54 - 90 = -i*a. Calculate the greatest common factor of a and 60.
12
Suppose 16 = 2*w - 2*u - 30, -5*w + 109 = -3*u. Let n = 29 - w. Calculate the greatest common divisor of 3 and n.
3
Let u = -30 + 31. Let d be 2*(u + 3 - 2). Let i be d/(-6) + (-2483)/(-39). Calculate the highest common factor of 9 and i.
9
Suppose -3*o + 6 = -o. Suppose 2*q + 3*s = -q + 174, 4*q = o*s + 204. Calculate the highest common divisor of 6 and q.
6
Let y(m) = m**2 - m + 9. Let k be y(3). Let p be (-842)/(-7) - 8/28. What is the greatest common divisor of k and p?
15
Suppose 0 = -69*v + 2525 + 2305. What is the greatest common factor of v and 70?
70
Let j = -24 + 30. Let i = j - 1. What is the greatest common divisor of i and 20?
5
Suppose -20 = 5*x - 5*k, -4*x - 2*k = -5*k + 18. Let t = 3 - x. Suppose 10*c - 386 + 26 = 0. Calculate the highest common factor of t and c.
9
Suppose 12*k - 8*k - 8 = 0. What is the highest common factor of k and 98?
2
Suppose -j + 22 + 8 = -2*v, -v = 0. Suppose r - 1 = 0, 0 = 3*p - r - 4*r - 25. What is the highest common divisor of j and p?
10
Let l be (-2)/4 + (-1)/(-2). Suppose l*s = s - 221. What is the greatest common factor of s and 17?
17
Suppose -3*w + 6*s - 192 = s, -4*w = 4*s + 256. Let m = -41 - w. Let y = -6 + m. Calculate the greatest common divisor of y and 51.
17
Let i be (-15)/((-270)/5094) + 12/2. What is the highest common divisor of 17 and i?
17
Let i(u) = -2*u**3 + u**2 + u + 2. Let o = 88 - 90. Let s be i(o). What is the greatest common factor of s and 10?
10
Let x be 561/22*2/3 - -1. What is the greatest common divisor of 132 and x?
6
Let g = -76 - -151. Let v = 105 - g. Calculate the greatest common divisor of 15 and v.
15
Suppose 5*p = 6*p - 5. Let m be p/(-40) - (-123)/24. Calculate the greatest common divisor of 5 and m.
5
Let y(g) = -2*g**3 + 11*g**2 + 13*g + 7. Let w be y(-4). What is the greatest common divisor of w and 333?
37
Let w(f) = f**2 - 6*f + 14. Let d be w(4). Calculate the highest common divisor of 384 and d.
6
Let o = 25 - 11. Suppose 20 = -2*w - 8. Let z be w/((-21)/6 + 3). What is the highest common factor of z and o?
14
Suppose 0 = k - 3*q - q + 2, -4*k + 5*q + 25 = 0. Suppose k*h - 260 = 6*h. What is the greatest common divisor of 26 and h?
13
Let f(n) = 2*n + 1. Let h be f(5). Suppose -3*d + 5 = 2. Let p be (33/d)/(-1 - -2). Calculate the greatest common factor of h and p.
11
Let d = 8414 - 8293. Let c be (44/12)/((-2)/(-6)). What is the highest common factor of d and c?
11
Let h(r) = -8*r. Let p be h(-4). Suppose p = 5*d - d. Calculate the highest common divisor of 12 and d.
4
Suppose 2*c + 3*c = -130. Let k be (c + 0)/((-6)/33). What is the greatest common divisor of k and 13?
13
Let k = 87 + -47. Let y = -154 + 54. Let a be ((-6)/(-4))/((-15)/y). Calculate the highest common divisor of k and a.
10
Let j(w) be the second derivative of -5*w**3/6 + 45*w**2/2 - 32*w. Let g be j(0). Calculate the highest common divisor of 10 and g.
5
Suppose 5*z + 0*z - 5 = 0, -4*v + 24 = -4*z. Suppose -o + 73 = -5*f, -3*f - 255 = 2*o - v*o. Calculate the greatest common divisor of 36 and o.
12
Let x be 1 - (-44 - (6 - 3)). Let u = 12 + x. Let k be 18/(-7)*(-28)/3. Calculate the highest common factor of k and u.
12
Let y = -39 - -41. Let t be y/(-3)*6/(-4). What is the greatest common factor of t and 6?
1
Let i(a) = -a**3 + 7*a**2 + 10*a - 6. Let z = -29 - -37. Let w be i(z). Calculate the highest common divisor of 10 and w.
10
Suppose -r + 0*v + 2 = 2*v, 0 = 4*r + 5*v - 8. Suppose -2*h = -3*m - m + 50, -r*m + 19 = 5*h. Calculate the greatest common divisor of m and 132.
12
Let v = 18 - -2. Let a(p) = p**2 - 11*p + 9. Let w be a(v). Calculate the greatest common factor of 27 and w.
27
Let t be (-1 + 11)*(-11)/(-22). Suppose t*u - 5*i - 115 = 35, 0 = 5*i + 5. Calculate the greatest common divisor of u and 29.
29
Suppose -9*v + 5 = -8*v. Calculate the highest common divisor of 395 and v.
5
Let d(t) = 4*t**3 - t**2 - 5*t - 4. Let g = 111 + -108. Let f be d(g). Calculate the highest common divisor of 60 and f.
20
Let p(i) = i**3 - 6*i**2 + 2*i - 3. Let z be p(6). Let l = 9 - z. Let r be -1 + 6 - (l - -2). What is the highest common divisor of r and 27?
3
Let z(m) = m**3 - 2*m**2 - m + 2. Let o be z(2). Let f be ((-12)/(-8))/(o - (-2)/20). Calculate the highest common divisor of f and 15.
15
Let f = 70 + -73. Let p = f + 21. Calculate the highest common factor of 9 and p.
9
Let k = -31 + 34. Suppose -2*l = k*p - 24, p - 10 = -2*l - 2. What is the highest common factor of p and 4?
4
Suppose 0 = 2*o - v - 238, -14*v - 244 = -2*o - 16*v. What is the highest common factor of o and 204?
12
Suppose -2*s + 13 = 3*z - 139, 0 = -5*z + 20. Let f be ((-152)/(-48)*-3)/(2/8). Let m = f + s. What is the highest common factor of 8 and m?
8
Suppose -4*k - 5*o + 59 = 0, -104*o + 10 = 2*k - 108*o. Let n(w) = w - 1. Let p be n(2). Calculate the highest common divisor of k and p.
1
Let i = -712 + 1100. Calculate the greatest common divisor of i and 4.
4
Let f = -1344 + 2991. What is the highest common divisor of f and 27?
27
Suppose 12 = -3*y + 96. Calculate the greatest common factor of y and 224.
28
Let m = 2103 + -2004. Calculate the greatest common factor of 144 and m.
9
Let o = 576 - 400. Let c(p) = 4*p - 8. Let g be c(6). What is the highest common divisor of g and o?
16
Let w = -1 - 3. Let m(d) = -6*d + 3. Let t be m(w). Let p(v) = -v**2 + 8*v + 131. Let l be p(16). What is the greatest common factor of t and l?
3
Suppose 36 + 197 = -t. Let f be t/(-2) + (-13 - -6)/(-14). Calculate the greatest common divisor of f and 9.
9
Suppose 26 = -5*t + 1. Let y be 20 - (t - -4)*-1. Calculate the greatest common divisor of y and 152.
19
Let r(f) = -f. Let v be r(-6). Let y = -285 + 333. Calculate the greatest common divisor of v and y.
6
Let t(q) = -3*q**2 - 1. Let h be 3 - 3*(-2)/(-3). Let z be t(h). Let i be 3/(-6) - 30/z. Calculate the highest common factor of i and 14.
